 = -15*g**3 + 12313 - 12319 - 9*g + 6*g**2 + 16*g**3. Give w(-7).
8
Let h(i) = 8 - 154*i**3 + 47*i**3 + 55*i**3 + 9*i - 10*i**2 - 3 + 53*i**3. Let k = 8 - -1. Calculate h(k).
5
Let q(p) = 4*p - 204. Let v(t) = 16*t - 616. Let l(r) = 8*q(r) - 3*v(r). What is l(14)?
-8
Let o(j) = -1185*j + 5912. Let i be o(5). Let r(y) = 11*y + 108. Calculate r(i).
-35
Let j be (2 + -1)/(4/28). Let d(q) = -q + 0*q + j*q - 11*q + 3. Let l(y) = -9*y + 5. Let m(c) = 10*d(c) - 6*l(c). Determine m(1).
4
Let l(s) = 37 - 86 + 27 + s + 31. Give l(17).
26
Let g = -5172 - -5186. Let h(b) = 3*b - 15. Calculate h(g).
27
Let d = -93 - -112. Suppose -m = q + 2*q - 15, d = 5*m + q. Suppose 0 = m*k - 8*k - 5*c, k - 6 = 5*c. Let t(y) = 7*y. Calculate t(k).
7
Let i(y) = 6*y - 13. Let c(w) = -3*w + 9. Let j(z) = -5*c(z) - 3*i(z). Let t(p) = p**3 + 4*p**2 - 5. Let r be t(-4). Calculate j(r).
9
Let t be 1 + -4 + (0 - 0). Let r be 4 + t - -3 - 4. Let o(l) be the third derivative of -l**6/120 - l**5/60 - l**4/24 + 4*l**3/3 - 3*l**2 + 3. Determine o(r).
8
Let u(m) = 5*m - 15. Suppose 0 = 3*x - c - 3640, -x = -4*c - c - 1190. Suppose -11*h = 1149 - x. What is u(h)?
15
Suppose 124 = 9*s - 83. Let v(x) = -x + 13. Give v(s).
-10
Suppose 0 = 4*a - p - 13, 53*a = 48*a - 3*p - 22. Let r(o) be the second derivative of 11*o**5/20 + o**4/6 - o**3/6 - o. Determine r(a).
12
Suppose -4*i + 2*i = -t - 5, 5 = -4*i - 3*t. Let l(f) = 533*f**2 + 5*f + 1 - 6*f - 513*f**2. Calculate l(i).
20
Let h = -280 + 350. Suppose -82*u + 68*u = h. Let k(q) = q**3 + 5*q**2 - 2*q - 2. Calculate k(u).
8
Let y(o) be the third derivative of 11*o**4/12 + 13*o**3/6 - 1626*o**2. Determine y(4).
101
Let w(z) = -z - 13. Let c be (-1)/(3/(-2)) - (-60)/18. Let n(r) = -r - 15. Let o(v) = c*n(v) - 5*w(v). Calculate o(-6).
-1
Let a(b) = 4*b**2 + 7*b + 10. Let n(y) = -3*y**2 - 6*y - 6. Let w(s) = -4*a(s) - 5*n(s). What is w(6)?
-34
Let p(x) be the first derivative of 6*x - 33 + 1/4*x**4 - 5/3*x**3 - 2*x**2. Calculate p(5).
-14
Let l(h) = -2*h**2 - 4*h - 5. Let o(s) be the third derivative of s**6/120 - s**5/12 - 5*s**4/8 + s**3/2 - 7*s**2 + 8*s. Let w be o(7). Calculate l(w).
-21
Suppose -23*w + 857 = 98. Let g(y) = y**2 - 8 - 2*y - 11 - 13 + w. Suppose 5*a + 2*m - 12 = 0, -m = 4*a - 6*m - 3. Determine g(a).
1
Let k be (267/178)/(1/4*2). Suppose k*f - 2 + 2 = 0. Let y(q) = -q**2 + q + 21. Give y(f).
21
Let z(q) be the third derivative of -q**4/8 + q**3 + 34*q**2 - 2. Suppose x - 5*m = 25, -8*x - 5*m + 5 = -3*x. Calculate z(x).
-9
Suppose 18*y = 15*y - 3, 0 = -4*w + 3*y + 87. Let h(m) = m**2 - 27*m + 114. Let p be h(w). Let a(o) = -3*o - 30. What is a(p)?
6
Let b(i) = i**3 + i**2 + i + 1. Let y(m) = 3*m**3 + 10*m**2 + 7*m + 6. Let g(s) = 2*b(s) - y(s). Give g(-8).
36
Suppose -3*g - 3 = 5*w, -2*g - 3*g = 3*w - 11. Suppose 0 = -2*p - 5*t - 21, -p + 0*t = 2*t + 8. Suppose p*m = g - 2. Let v(r) = 4*r. Calculate v(m).
4
Let p(k) = -2*k + 50. Let y be p(25). Suppose -2*f - 10 = y, 2*f = -4*t - 2*f - 4. Let q(b) = -b**2 + 1 + 2 + 5 - 7 + b. What is q(t)?
-11
Let l be (10/(-15))/(20/(-990)). Let y = -38 + l. Let i(v) = -4*v - 14. What is i(y)?
6
Suppose 0 = -2*p + 356 - 352. Let l be p/9 - (8 - 300/108). Let d(n) = -n**3 - 6*n**2 - 3*n + 5. What is d(l)?
-5
Suppose r - 15 = -5*j, -4*j - 26 = -r - 2*r. Suppose 4*q + r - 30 = 0, 0 = 3*t - 5*q + 49. Let s(p) = 420 - 4*p**2 - 841 - 7*p + 428 + 3*p**2. Determine s(t).
-1
Let m(h) be the second derivative of -h**5/20 + h**4/3 + h**3 + 3*h**2 - 21*h - 4. Suppose 2*g = 3*k + 2*k - 293, -5*g - 134 = -2*k. Let a = -52 + k. Give m(a).
11
Let l(t) = -7 - 2380*t**2 + 0*t + 2*t + 5*t + 2381*t**2 - 2. Suppose -4*m = -3*n - 94, -3*m + 26 = -2*n - 38. Let g = 18 + n. Determine l(g).
-1
Let v(y) = y**3 + 6*y**2 + 3*y - 6. Let l = -1030 - -1023. Determine v(l).
-76
Let u = 79 + -79. Suppose u = 3*c - 4*c + 62. Let l(t) = -9*t + 63*t**2 - 124*t**2 + c*t**2 + 7. What is l(6)?
-11
Suppose 0 = 22*t + 7*t - 116. Let c(h) = h**2 + 113*h - 8 + h**2 - 106*h + 8*h**2 - 12*h**2. Give c(t).
-12
Let c = 3 + -2. Let d(q) be the first derivative of 8*q**3/3 - q + 2729. Give d(c).
7
Let q(o) = -o**2 + 2*o + 3. Let v(a) = 13*a**3 - a**2 + a. Suppose -3 = n - 4. Let s be v(n). Let l(u) = -3*u + 43. Let b be l(s). What is q(b)?
-5
Let h(g) = -g**3 - 7*g**2 + 638*g + 6. Let d be h(-29). Let y(f) be the second derivative of -f**5/20 + 2*f**4/3 - 5*f**3/3 + 7*f**2/2 + f. What is y(d)?
19
Let k(u) = -208*u + 52*u + 54*u + 49*u - 30 + 65*u. What is k(2)?
-6
Suppose 0 = 3*n - 2*j + 48, n - 60 = 5*n - 4*j. Let s be (3 + 78/n)*(-3)/1. Let l(p) = -s*p**3 - p - p + 3*p**3. Give l(-2).
12
Suppose 209 = 8*z - 15. Let r(u) = z*u + 30*u - 59*u. What is r(6)?
-6
Let o(a) = 2*a + 1. Let z(w) = 9*w + 3. Let p = -25 + 26. Let t(y) = p*z(y) - 3*o(y). Give t(1).
3
Let c(q) = 48*q + 278. Suppose 615 = 15*j + 705. Determine c(j).
-10
Let m(n) be the first derivative of n**3/3 + n**2/2 - 10*n + 2. Suppose 7*d + 84 = 3*l + 3*d, -2*d - 78 = -3*l. Suppose -5*v + 24 = l. Determine m(v).
-10
Suppose 96*b = 71 + 313. Let h(u) = -1. Let o(v) = 9*v + 2. Let x(q) = -3*h(q) - o(q). What is x(b)?
-35
Let d = 2 - 2. Let y(f) = 4*f**2 - 1676*f + 54. Let x(g) = g**2 - 399*g + 13. Let a(h) = 21*x(h) - 5*y(h). Calculate a(d).
3
Let u be 3 - ((0 - 1) + -1). Let x(w) = 10940*w**2 + 10932*w**2 - 21871*w**2 + 0*w + 0 - 5*w - 4. What is x(u)?
-4
Let g(x) = x**2 + 2. Suppose 44 = -0*s - 11*s. Let u(l) = l**2 - 2*l + 3. Let d(m) = s*g(m) + 5*u(m). Give d(7).
-14
Let c(b) = b**2 + 7*b + 16. Let h(t) = t**2 - 3*t - 14. Let x(y) = c(y) + h(y). Give x(-6).
50
Suppose 0 = 2*m + 3 - 5. Let r(a) be the third derivative of -19*a**6/120 - a**3/6 - 18*a**2 - 9*a. Give r(m).
-20
Let p(x) = x**3 - 7*x**2 - 4*x + 2. Let j(q) = q**2 - 14*q + 40. Suppose -f - 125 + 136 = 0. Let z be j(f). Give p(z).
-26
Let y = -30 + 32. Let g(m) = -y + 261*m - 262*m - 2*m**2 + 3. Let u = 2 - 4. What is g(u)?
-5
Suppose -3*o = 2*q + 3*q - 28, o = 3*q. Let s = 36 + -29. Let x(f) = -3*f**3 + f**3 + s*f**2 + 187 - 184 - 6*f + f**3. Give x(o).
3
Let u(f) = -f - 24. Suppose 0 = 27*x + 717 + 12. Give u(x).
3
Suppose -3*y = -5*t + 31, 5*y + 5*t + 32 - 7 = 0. Let b(q) = 29*q + 8. Let p(n) = -7*n + 1. Let l(g) = -b(g) - 4*p(g). Determine l(y).
-5
Let g = -1350 + 1355. Let i(p) be the second derivative of 0 + g*p - 1/6*p**3 - 3/2*p**2. Give i(-3).
0
Let l(o) = 8*o - 3*o - 7*o - o**3 - 1110*o**2 + 7*o + 1106*o**2. Let w(s) = -s + 1. Let t be w(6). What is l(t)?
0
Let n(c) = -11*c**2 - 34*c - 29. Let k(s) = 5*s**2 + 16*s + 13. Let i be (40 + -4)*6/(-24). Let q(b) = i*k(b) - 4*n(b). Give q(-6).
11
Let n be (-140)/(-30)*(36/(-21))/(-2). Let b(p) = 2*p**2 + p + 1. Let r(h) = 13*h**2 + 10*h + 14. Let u(i) = -7*b(i) + r(i). What is u(n)?
3
Suppose 2*l + 10 = -2*l + 3*s, 2*s - 4 = 0. Let j be (7/l)/(-1) + -1. Let h(q) be the third derivative of q**5/60 - q**4/3 + q**3 + q**2. Calculate h(j).
-6
Let u(p) = p**3 + 28*p**2 - 33*p - 72. Let n be 0 + 59/(-2) - (-554)/1108. Determine u(n).
44
Let a = 919 + -604. Let v(q) = -q**3 - 308*q + 624*q - a*q. Calculate v(-2).
6
Let h(r) = 3*r - 63. Let i(s) = -4*s**2 + 150*s - 690. Let l be i(32). What is h(l)?
-21
Let z(v) = -3482*v**3 - 4*v + 6952*v**3 - 3469*v**3 + 9*v**2 - 16. Calculate z(-8).
80
Let b(w) = -w**2 - 14*w - 8. Let s = 177 - 449. Let t = s - -259. Determine b(t).
5
Let w(f) = 777*f**2 + 593*f**2 - 2 - f - 1346*f**2. What is w(-1)?
23
Let u(j) = 3*j**2 + 6*j - 3. Let x(n) = 5*n - 23. Suppose -19*z - 73 + 168 = 0. Let s be x(z). Calculate u(s).
21
Let w be (-1 - 0/2)*(-1553 + 23). Let t be ((-12)/(-10))/(54/w). Let h(s) = 39*s - 74*s + t*s + 3. Calculate h(-6).
9
Let f(l) = l**3 + 5*l**2 + 5*l. Suppose c + 3 = -3*h + 20, -3*h + 32 = 4*c. Suppose -s - 5 = -3*q - q, 4*q = -h*s - 40. Let w = s + 5. Calculate f(w).
-4
Suppose 0*h - 9 = 3*h. Let u(c) = -372*c + 2. Let p(r) = 2*r**2 + 1490*r - 9. Let g(j) = p(j) + 4*u(j). Give g(h).
11
Let g(n) = -9*n**2 + 6*n + 19. Let v(c) = 38*c**2 - 25*c - 88. Let l(i) = 9*g(i) + 2*v(i). Calculate l(-3).
-62
Let b(y) = 2*y**2 + 36*y - 32. Let s(a) = -2*a**2 - 39*a + 33. Let t(f) = 5*b(f) + 4*s(f). Calculate t(-13).
-2
Let x be (7/9)/(315/2835). Let s(d) = 11*d - 82. Determine s(x).
-5
Let d(a) = a**3 - 39*a**2 + 36*a + 72. Suppose -